/2. Suppose -s - l = -18. What are the prime factors of s?
13
Let i be 6/(-24) + 290/8. Suppose -4*q - w + i = 0, -w - 6 = -2. List the prime factors of q.
2, 5
Let u(w) = -w - 7. Let x be u(-8). Let s be 0 + (x + 7 - 3). Suppose -s = 2*g - 3*g. What are the prime factors of g?
5
Let p = 3 - 3. Suppose r - 4*x = 16, 3*r + 3*x + 7 + 5 = p. Suppose 2*i = -r*i + 4. What are the prime factors of i?
2
Let s(t) = -t - 4. Let d be s(-6). Let u be 2/3 + d/(-3). Let x(y) = -y + 6. What are the prime factors of x(u)?
2, 3
Let f be 1 + -2 + 1 + 2. Let o(z) = z**2 + 8*z + 4. Let x be o(-6). Let h = f - x. What are the prime factors of h?
2, 5
Suppose -d + 18 = 3*k, -d - 5*k + 31 = d. Suppose c - d + 1 = 0. What are the prime factors of c?
2
Suppose 0 = i - 5*i - 8, 5*i = 5*o - 20. Let u(s) = -13*s**2 + 14*s**o - 3 - 2 - 6*s. What are the prime factors of u(7)?
2
Let b(z) = -z**2 - 14*z + 12. List the prime factors of b(-14).
2, 3
Suppose -3*y + 8*y + 3*u = 11, 3*u + 5 = -y. Suppose -y*z + 23 = 3. Suppose z*b - 29 = -4*i, -4*b + 1 = 13. List the prime factors of i.
11
Let y = -13 - -33. What are the prime factors of y?
2, 5
What are the prime factors of -3*(280/(-6))/4?
5, 7
Let h(y) = 2*y - 6. Let t be (-2)/(-9) + 482/18. Suppose -36 = -4*p + 4*o, 0 = -p + 5*o - 2 + t. List the prime factors of h(p).
2
List the prime factors of 17 + 1 + 6 + 4/(-1).
2, 5
What are the prime factors of 13/((-5)/(-25)*5)?
13
Let d = 111 - -204. What are the prime factors of d?
3, 5, 7
Let d(i) = 15*i + 2. Let c be ((-4)/10)/(11/(-55)). What are the prime factors of d(c)?
2
Let m be (6/(-24))/(2/(-16)). List the prime factors of m + 30 + 4 + -3.
3, 11
Let p = -11 + 8. Let m = -3 - 4. Let s = p - m. What are the prime factors of s?
2
Let q be (-2 - 2/(-4))*-2. Let h(v) = 3*v + 3. What are the prime factors of h(q)?
2, 3
Suppose -192 = -7*o + 74. List the prime factors of o.
2, 19
Suppose -v + 63 = 2*v. Suppose -72 = -3*x - v. What are the prime factors of x?
17
Suppose 24 = 6*h - 3*h. List the prime factors of h.
2
Let x(d) = -d**2 - 9*d - 9. Let l be x(-7). Let i be (-12)/(-10)*l/2. Suppose v - 2 - 5 = 4*j, 3*v - i*j - 21 = 0. What are the prime factors of v?
7
Let t(b) be the second derivative of b**3/3 - 7*b**2/2 - b. Suppose 0*l + 15 = 3*l. List the prime factors of t(l).
3
Suppose 0*j = -2*j + 6. Suppose -d - j*m - 29 = -3*d, 0 = 5*m + 15. List the prime factors of d.
2, 5
Let x = 228 + -118. What are the prime factors of x?
2, 5, 11
What are the prime factors of 712/(-12)*((-63)/6)/7?
89
Let m = 10 + -6. Suppose 0 = -m*b + 5*f - 25, -2*f = 2*b - 3*b - 7. What are the prime factors of b + 5 + 1*14?
2, 7
Suppose 6 = 5*l + 3*u - 33, -6 = 3*u. What are the prime factors of l?
3
Let j = 85 - 37. Suppose 47 = 4*t + y, -5*y = -3*t - 10*y + j. What are the prime factors of t?
11
Let a = 45 - 21. What are the prime factors of a?
2, 3
Suppose 2*f - 6 + 2 = 0. What are the prime factors of f*(29/2 - 4)?
3, 7
Let j(i) = 15*i**2 - i**2 - i**2 + 1. Let p be j(1). Let x = p - 3. What are the prime factors of x?
11
Suppose -9*n + 114 = -6*n. What are the prime factors of n?
2, 19
Let w(k) = k**3 + k**2 - 3*k + 16. What are the prime factors of w(5)?
151
Suppose -q - i - 25 = 4*i, 2*q - i = 5. Let p = 13 + q. List the prime factors of p.
13
Let t = 569 + -390. What are the prime factors of t?
179
Let q(l) = -l**3 - 4*l**2 - 4*l - 5. Suppose 5 = 2*r + 3*r. Suppose -2*k - 10 = u + r, -3*k + 4*u = 0. List the prime factors of q(k).
11
List the prime factors of (4 - -3) + 3/1.
2, 5
Suppose -3*o = i - 57, -3*o - 3*i + 7*i + 42 = 0. Let j be (-1)/(-1 + 2)*7. Let t = j + o. List the prime factors of t.
11
Let y = -11 + 15. Suppose 70 = -5*c + 5*w, y*c + 3*w + 14 = -7. Let v(b) = -b**2 - 11*b - 7. What are the prime factors of v(c)?
11
Let s be 1 - (-12 + (-2)/1). Suppose -s = 5*t, -2*c = 6*t - t - 35. What are the prime factors of c?
5
Suppose -f - 4*f + 694 = p, -5*p = -3*f + 394. List the prime factors of f.
2, 3, 23
Suppose 0 = -0*d - 3*d + 6. Let t(j) = 3*j**2 - 7 + j**3 + 10*j - j**2 - 11*j**d. What are the prime factors of t(8)?
3
Let i(g) = -g + 6. Let r be i(-8). Let t = r - -10. List the prime factors of (-2)/8 + 390/t.
2
Let u = 14 + -20. Let r = u + 8. List the prime factors of r/10 - (-70)/25.
3
Let g(l) = -7*l**3 + 6*l**2 - 10*l + 5. Let p(d) = 13*d**3 - 12*d**2 + 19*d - 10. Let r(q) = -11*g(q) - 6*p(q). List the prime factors of r(5).
2, 5
Suppose 4*z = -4*u + 8 - 0, -3*u - 2*z + 1 = 0. Let s be 1/4 + u/12. Suppose 3*n + n - 28 = s. List the prime factors of n.
7
Let u(j) = -35*j + 2. List the prime factors of u(-1).
37
List the prime factors of 4 - -8 - 2/2.
11
Suppose 2*j - 18 = 24. Let y = 1 + j. Suppose 53 + y = 5*l. What are the prime factors of l?
3, 5
Let f be 14/(-10) - (-6)/15. What are the prime factors of 7 + 4 - f*1?
2, 3
Let m = -7 + 8. Let x(d) = 10*d**3 - 2*d**2 + d + 2. Let c(f) = 10*f**3 - 3*f**2 + f + 3. Let y(z) = -3*c(z) + 4*x(z). What are the prime factors of y(m)?
11
Suppose -2*t + 2*f = 108, -48 = -0*t + t - 4*f. Let r be t/(-10)*(-50)/(-4). Suppose 0 = -0*m - 5*m + r. List the prime factors of m.
2, 7
Suppose 30 = 2*f - 7*f. Let g(v) = v**2 + 4*v - 3. What are the prime factors of g(f)?
3
Let y = 3 + 0. Let i be (1/3)/(y/27). Let n = 11 - i. What are the prime factors of n?
2
Suppose q = -3*q + 156. Let m = q - 5. What are the prime factors of m?
2, 17
Let z(q) = 2*q**2 - 13*q + 7. Let k be z(9). Suppose k = 3*r - r. List the prime factors of r.
2, 13
Suppose 4*u = 3*f + 61, 4*u + 4*f = 30 + 38. List the prime factors of u.
2
Let z be 0/((-5)/(15/6)). Suppose -5*r + 145 + 10 = z. List the prime factors of r.
31
Suppose -11*z + 1017 = -2*z. What are the prime factors of z?
113
Let m(b) = -2*b - 4. Let x be m(-3). Suppose -x*d - 4 = 0, 0 = -3*k - 2*d + 10 + 1. What are the prime factors of k?
5
Let w(d) = -d**3 + 8*d**2 + 4*d + 11. Let p be w(8). Let n = -12 - -7. What are the prime factors of p/5 + 3/n?
2
Let q = -57 + 104. Let u = 80 - q. What are the prime factors of u?
3, 11
Let o(c) = -5 + 1 + 4*c - 3*c. Let t = 16 + -10. List the prime factors of o(t).
2
Let m(d) = -d**3 + 4*d**2 - 3*d. Let p be m(3). Suppose 5*g + 11 - 1 = p. List the prime factors of -3*(g - (-3 + 2)).
3
Let s(q) = -q**3 + 1. Let y be s(1). Suppose 4*i + 5*n - 65 = 0, -2*i + 5*i - 3*n - 15 = y. List the prime factors of i + (0/1)/(-1).
2, 5
Suppose 5*j - 2*w - 71 = 0, 6 = -0*w + 3*w. What are the prime factors of j?
3, 5
Let u(g) = 55*g**2. List the prime factors of u(1).
5, 11
Let y(h) = h**2 + 4*h + 3. Suppose 4*j - 2*z = 2*z - 44, z - 5 = 0. List the prime factors of y(j).
3, 5
Let m(c) = -c**2 - 9*c. Let z be m(-7). Let d(v) = -v**2 + 15*v. Let b be d(15). Let l = b + z. What are the prime factors of l?
2, 7
Let y be 6/(-2) - 123/(-3). Let l = 74 - y. List the prime factors of l.
2, 3
Let d(o) = -o**3 + 3*o**2 + 2*o - 4. Let v be d(3). Suppose 0 = -v*s - 1 - 1. What are the prime factors of 10*((s - -1) + 1)?
2, 5
Suppose 7*d + 698 = 4*s + 5*d, 3*s - 527 = -2*d. What are the prime factors of s?
5, 7
Suppose -2*i - o - 15 = 18, -15 = 2*i - 5*o. Let p be (-3)/i - 42/(-15). Suppose -2*d = -p*d + 4. List the prime factors of d.
2
Let p(g) = -g**2 + 10*g - 10. Let u(x) = x**3 + 6*x**2 - 4*x - 1. Let f be u(-6). Let h = f + -15. What are the prime factors of p(h)?
2, 3
Let w = 4 + -4. Suppose 4*v + 34 = -w*o - 5*o, 0 = 2*v + 2. Let h = 4 - o. What are the prime factors of h?
2, 5
Suppose -4*a - 3*v + 0*v - 4 = 0, -26 = -3*a + 5*v. Suppose 0 = 3*i + a*i. Suppose i*l - l = -10. What are the prime factors of l?
2, 5
Suppose g + 28 = 2*m - 10, -m - 4*g = -37. What are the prime factors of m?
3, 7
Suppose 10 + 3 = z. List the prime factors of z.
13
Let x(t) = 11*t**2 + 2*t. Let q be x(-2). Suppose 3*v - q = -k + 28, 4*k = v - 1. What are the prime factors of v?
3, 7
What are the prime factors of 18/(-4)*(-32)/6?
2, 3
Suppose -2*g = -0*g - 8. Suppose -8 = g*y + 4. Let i = 15 + y. List the prime factors of i.
2, 3
Let d(c) = -4*c**3 + c**2 - c - 1. Let u be d(-1). Suppose -z = -u*z + 16. Suppose 27 = z*o - 5. What are the prime factors of o?
2
Let v(o) = 4*o - 60. List the prime factors of v(25).
2, 5
Let f(x) = 4*x**2 + 30*x + 13. What are the prime factors of f(-14)?
13, 29
Suppose -3*c 